{"id":8,"date":"2021-01-04T00:34:13","date_gmt":"2021-01-04T03:34:13","guid":{"rendered":"https:\/\/gepease.com.br\/anais2\/?page_id=8"},"modified":"2021-02-27T22:42:32","modified_gmt":"2021-02-28T01:42:32","slug":"apresentacao","status":"publish","type":"page","link":"https:\/\/gepease.com.br\/anais2\/","title":{"rendered":"Apresenta\u00e7\u00e3o"},"content":{"rendered":"\t\t<div data-elementor-type=\"wp-page\" data-elementor-id=\"8\" class=\"elementor elementor-8\" data-elementor-settings=\"[]\">\n\t\t\t\t\t\t<div class=\"elementor-inner\">\n\t\t\t\t\t\t\t<div class=\"elementor-section-wrap\">\n\t\t\t\t\t\t\t<section class=\"elementor-section elementor-top-section elementor-element elementor-element-3a09edd5 elementor-section-boxed elementor-section-height-default elementor-section-height-default\" data-id=\"3a09edd5\" data-element_type=\"section\">\n\t\t\t\t\t\t<div class=\"elementor-container elementor-column-gap-default\">\n\t\t\t\t\t\t\t<div class=\"elementor-row\">\n\t\t\t\t\t<div class=\"elementor-column elementor-col-100 elementor-top-column elementor-element elementor-element-2f089d79\" data-id=\"2f089d79\" data-element_type=\"column\">\n\t\t\t<div class=\"elementor-column-wrap elementor-element-populated\">\n\t\t\t\t\t\t\t<div class=\"elementor-widget-wrap\">\n\t\t\t\t\t\t<div class=\"elementor-element elementor-element-5c0cd302 elementor-widget elementor-widget-text-editor\" data-id=\"5c0cd302\" data-element_type=\"widget\" data-widget_type=\"text-editor.default\">\n\t\t\t\t<div class=\"elementor-widget-container\">\n\t\t\t\t\t<div class=\"elementor-text-editor elementor-clearfix\"><p style=\"font-weight: 400;\"><strong>APRESENTA\u00c7\u00c3O<\/strong><\/p>\n<p style=\"font-weight: 400;\">\u00a0<\/p>\n<p style=\"font-weight: 400;\">O 2\u00ba Encontro Sergipano de Educa\u00e7\u00e3o Ambiental (ESEA) \u00e9 um evento anual promovido pela Pr\u00f3-Reitoria de Extens\u00e3o e Assuntos Comunit\u00e1rios da Universidade Federal de Sergipe, atrav\u00e9s do Projeto Sala Verde na UFS e do Gupo de Estudos e Pesquisa em Educa\u00e7\u00e3o Ambiental de Sergipe. Constitui-se em um espa\u00e7o para reflex\u00e3o das a\u00e7\u00f5es de pesquisa, ensino e extens\u00e3o das quest\u00f5es relativas \u00e0 implementa\u00e7\u00e3o da educa\u00e7\u00e3o ambiental no Estado.<\/p>\n<p style=\"font-weight: 400;\">\u00a0<\/p>\n<p style=\"font-weight: 400;\">Em sua primeira vers\u00e3o buscou refletir sobre os \u201cDiferentes olhares e perspectivas em Educa\u00e7\u00e3o Ambiental nos \u00e2mbitos formal, n\u00e3o formal e informal\u201d. Agora em sua segunda vers\u00e3o, busca introduzir a reflex\u00e3o sobre os prop\u00f3sitos da educa\u00e7\u00e3o tendo como tema central \u201cEduca\u00e7\u00e3o ambiental cr\u00edtica frente aos desafios do s\u00e9culo XXI\u201d, justifica-se pela emerg\u00eancia em se desenvolver uma nova mentalidade de educa\u00e7\u00e3o em um contexto onde a sociedade vive uma crise de \u00e2mbito social, ambiental e moral.<\/p>\n<p style=\"font-weight: 400;\">\u00a0<\/p>\n<p style=\"font-weight: 400;\">Para tanto, a PROEX, GEPEASE e Projeto Sala Verde na UFS, convidam todos aqueles comprometidos a educa\u00e7\u00e3o ambiental visando \u00e0 melhoria da qualidade da educa\u00e7\u00e3o brasileira, a participar do 2\u00ba ESEA que se realizar\u00e1 de 13\u00a0\u00e0\u00a016 de outubro de 2009, na Universidade Federal de Sergipe, Campus de S\u00e3o Crist\u00f3v\u00e3o.<\/p>\n<p style=\"font-weight: 400;\">\u00a0<\/p>\n<p style=\"font-weight: 400;\">O 2\u00ba ESEA tem como objetivo ampliar o intercambio entre os diferentes segmentos da sociedade que se interessam pela educa\u00e7\u00e3o ambiental propondo a reflex\u00e3o sobre Educa\u00e7\u00e3o ambiental cr\u00edtica frente aos desafios do s\u00e9culo XXI.<\/p>\n<p style=\"font-weight: 400;\">\u00a0<\/p>\n<p style=\"font-weight: 400;\">Dessa forma, o evento pretende agregar pessoas que vem estudando, pesquisando, e trabalhando com Educa\u00e7\u00e3o Ambiental formal e n\u00e3o\u00a0formal, e interessados na tem\u00e1tica\u00a0a apresentarem suas propostas bem como participar de uma reflex\u00e3o coletiva na perspectiva de constru\u00e7\u00e3o de novos rumos \u00e0 atua\u00e7\u00e3o na Educa\u00e7\u00e3o Ambiental no estado de Sergipe.<\/p>\n<p style=\"font-weight: 400;\">\u00a0<\/p>\n<p style=\"font-weight: 400;\">Nesse contexto, o 2\u00ba Encontro Sergipano de Educa\u00e7\u00e3o Ambiental d\u00e1 continuidade ao trabalho iniciado no I ESEA, visto que, mediante a realiza\u00e7\u00e3o de sua programa\u00e7\u00e3o ser\u00e1 poss\u00edvel verificar como a educa\u00e7\u00e3o ambiental est\u00e1 sendo entendida e implementada nos diferentes\u00a0ambientes formal\u00a0e n\u00e3o formal e como os setores competentes est\u00e3o pensando e buscando provid\u00eancias para implementa\u00e7\u00e3o efetiva dessa abordagem de educa\u00e7\u00e3o. Al\u00e9m de proporcionar um espa\u00e7o de constru\u00e7\u00e3o, divulga\u00e7\u00e3o do conhecimento educacional e na perspectiva ambientalista.<\/p><\/div>\n\t\t\t\t<\/div>\n\t\t\t\t<\/div>\n\t\t\t\t\t\t<\/div>\n\t\t\t\t\t<\/div>\n\t\t<\/div>\n\t\t\t\t\t\t\t\t<\/div>\n\t\t\t\t\t<\/div>\n\t\t<\/section>\n\t\t\t\t\t\t<\/div>\n\t\t\t\t\t\t<\/div>\n\t\t\t\t\t<\/div>\n\t\t","protected":false},"excerpt":{"rendered":"<p>APRESENTA\u00c7\u00c3O \u00a0 O 2\u00ba Encontro Sergipano de Educa\u00e7\u00e3o Ambiental (ESEA) \u00e9 um evento anual promovido pela Pr\u00f3-Reitoria de Extens\u00e3o e Assuntos Comunit\u00e1rios da Universidade Federal de Sergipe, atrav\u00e9s do Projeto<\/p>\n","protected":false},"author":1,"featured_media":0,"parent":0,"menu_order":0,"comment_status":"closed","ping_status":"closed","template":"","meta":[],"_links":{"self":[{"href":"https:\/\/gepease.com.br\/anais2\/index.php\/wp-json\/wp\/v2\/pages\/8"}],"collection":[{"href":"https:\/\/gepease.com.br\/anais2\/index.php\/wp-json\/wp\/v2\/pages"}],"about":[{"href":"https:\/\/gepease.com.br\/anais2\/index.php\/wp-json\/wp\/v2\/types\/page"}],"author":[{"embeddable":true,"href":"https:\/\/gepease.com.br\/anais2\/index.php\/wp-json\/wp\/v2\/users\/1"}],"replies":[{"embeddable":true,"href":"https:\/\/gepease.com.br\/anais2\/index.php\/wp-json\/wp\/v2\/comments?post=8"}],"version-history":[{"count":13,"href":"https:\/\/gepease.com.br\/anais2\/index.php\/wp-json\/wp\/v2\/pages\/8\/revisions"}],"predecessor-version":[{"id":208,"href":"https:\/\/gepease.com.br\/anais2\/index.php\/wp-json\/wp\/v2\/pages\/8\/revisions\/208"}],"wp:attachment":[{"href":"https:\/\/gepease.com.br\/anais2\/index.php\/wp-json\/wp\/v2\/media?parent=8"}],"curies":[{"name":"wp","href":"https:\/\/api.w.org\/{rel}","templated":true}]}}