{"id":16,"date":"2021-01-04T18:08:51","date_gmt":"2021-01-04T21:08:51","guid":{"rendered":"https:\/\/gepease.com.br\/anais2\/?page_id=16"},"modified":"2021-02-28T13:00:17","modified_gmt":"2021-02-28T16:00:17","slug":"comunicacao-oral","status":"publish","type":"page","link":"https:\/\/gepease.com.br\/anais2\/index.php\/comunicacao-oral\/","title":{"rendered":"Comunica\u00e7\u00e3o Oral"},"content":{"rendered":"<p style=\"text-align: center;\"><strong>COMUNICA\u00c7\u00d5ES<\/strong><\/p>\n<p>&nbsp;<\/p>\n<p style=\"font-weight: 400;\"><strong>EIXO 1: EDUCA\u00c7\u00c3O AMBIENTAL FORMAL<\/strong><\/p>\n<table>\n<tbody>\n<tr>\n<td width=\"223\"><strong>Nome<\/strong><\/td>\n<td width=\"358\"><strong>Trabalho<\/strong><\/td>\n<\/tr>\n<tr>\n<td width=\"223\">Aline\u00a0Honorio\u00a0A. da S. Gomes<\/p>\n<p>Ac\u00e1ssia Cristina Souza<\/td>\n<td width=\"358\"><a href=\"https:\/\/gepease.com.br\/anais2\/wp-content\/uploads\/2021\/02\/CE1_01.pdf\">PRESERVANDO O AMBIENTE DA SALA DE AULA<\/a><\/td>\n<\/tr>\n<tr>\n<td width=\"223\">El\u00e2nia\u00a0Lucy Dias Albuquerque<\/p>\n<p>Marta Cristina Vieira Farias<\/p>\n<p>&nbsp;<\/td>\n<td width=\"358\"><a href=\"https:\/\/gepease.com.br\/anais2\/wp-content\/uploads\/2021\/02\/CE1_02.pdf\">PERCEP\u00c7\u00c3O AMBIENTAL DE ALUNOS DO ENSINO FUNDAMENTAL SOBRE O CARANGUEJO-U\u00c7\u00c1 EM SANTA LUZIA DO ITANHI, SERGIPE.<\/a><\/td>\n<\/tr>\n<tr>\n<td width=\"223\">Eline\u00a0Almeida Santos<\/td>\n<td width=\"358\"><a href=\"https:\/\/gepease.com.br\/anais2\/wp-content\/uploads\/2021\/02\/CE1_03.pdf\">EDUCA\u00c7\u00c3O AMBIENTAL E ENSINO DE GEOGRAFIA: DEBATE SOBRE A QUEST\u00c3O NAS S\u00c9RIES INICIAIS\u00a0<\/a><\/td>\n<\/tr>\n<tr>\n<td width=\"223\">Elson\u00a0da Fonseca Santos<\/p>\n<p>Vanessa Maria Silva Menezes<\/td>\n<td width=\"358\"><a href=\"https:\/\/gepease.com.br\/anais2\/wp-content\/uploads\/2021\/02\/CE1_04.pdf\">AQUECIMENTO GLOBAL: A INSER\u00c7\u00c3O DA EDUCA\u00c7\u00c3O AMBIENTAL NO ENSINO DE CI\u00caNCIAS<\/a><\/td>\n<\/tr>\n<tr>\n<td width=\"223\">Felipe Alan Souza Santos<\/td>\n<td width=\"358\"><a href=\"https:\/\/gepease.com.br\/anais2\/wp-content\/uploads\/2021\/02\/CE1_05.pdf\">COMPREENS\u00c3O CLIM\u00c1TICA NA PERCEP\u00c7\u00c3O DOS DISCENTES: UMA PR\u00c1TICA AMBIENTAL<\/a><\/td>\n<\/tr>\n<tr>\n<td width=\"223\">Henrique Barbosa Gon\u00e7alves<\/p>\n<p>Juliana Soares de Almeida<\/p>\n<p>Larissa\u00a0Rayanne\u00a0Pereira<\/p>\n<p>Esmeralda Aparecida Porto Lopes<\/td>\n<td width=\"358\"><a href=\"https:\/\/gepease.com.br\/anais2\/wp-content\/uploads\/2021\/02\/CE1_06.pdf\">A FARM\u00c1CIA VIVA NA ESCOLA COMO UM ESPA\u00c7O INTERATIVO DA EDUCA\u00c7\u00c3O AMBIENTAL NUM ENFOQUE ETNOBOT\u00c2NICO DO MANJERIC\u00c3O (<em>Ocimum<\/em><em>\u00a0bacilicum<\/em>\u00a0L.)<\/a><\/p>\n<p>&nbsp;<\/td>\n<\/tr>\n<tr>\n<td width=\"223\">Jacy\u00a0Soares da Silva Ribeiro<\/p>\n<p>Ver\u00f4nica Reis de Sousa Mariano<\/td>\n<td width=\"358\"><a href=\"https:\/\/gepease.com.br\/anais2\/wp-content\/uploads\/2021\/02\/CE1_07.pdf\">PR\u00c1TICAS DE ALFABETIZA\u00c7\u00c3O: S\u00c3O JO\u00c3O \u00c9 MUITO BOM!<\/a><\/td>\n<\/tr>\n<tr>\n<td width=\"223\">James Barros dos Santos<\/p>\n<p>Rubens Pessoa de Barros<\/td>\n<td width=\"358\"><a href=\"https:\/\/gepease.com.br\/anais2\/wp-content\/uploads\/2021\/02\/CE1_08.pdf\">O ECOTURISMO EM ALAGOAS COMO UM INCENTIVADOR DE ADO\u00c7\u00c3O DE BOAS PR\u00c1TICAS AMBIENTAIS<\/a><\/td>\n<\/tr>\n<tr>\n<td width=\"223\">Jhonatan\u00a0David Santos das Neves<\/p>\n<p>Rosimeiry\u00a0Barbosa dos Santos<\/p>\n<p>Esmeralda Aparecida Porto Lopes<\/td>\n<td width=\"358\"><a href=\"https:\/\/gepease.com.br\/anais2\/wp-content\/uploads\/2021\/02\/CE1_09.pdf\">A IMPORT\u00c2NCIA DA BABOSA (<em>Aloe<\/em><em>\u00a0vera<\/em>) NA HORTA ESCOLAR E A ETNOBOT\u00c2NICA COMO FERRAMENTAS PARA A PR\u00c1TICA DA EDUCA\u00c7\u00c3O AMBIENTAL<\/a><\/p>\n<p>&nbsp;<\/td>\n<\/tr>\n<tr>\n<td width=\"223\">Viviane Almeida Rezende<\/p>\n<p>Aline Lima de Oliveira<\/p>\n<p>D\u00e9bora Evangelista Reis Oliveira<\/td>\n<td width=\"358\"><a href=\"https:\/\/gepease.com.br\/anais2\/wp-content\/uploads\/2021\/02\/CE1_10.pdf\">PLANEJAMENTO PARTICIPATIVO: UMA ESTRAT\u00c9GIA PARA A INCLUS\u00c3O DAS PR\u00c1TICAS DE EDUCA\u00c7\u00c3O AMBIENTAL NA ESCOLA<\/a><\/td>\n<\/tr>\n<\/tbody>\n<\/table>\n<p style=\"font-weight: 400;\"><strong>\u00a0<\/strong><\/p>\n<p style=\"font-weight: 400;\"><strong>EIXO\u00a02: EDUCA\u00c7\u00c3O AMBIENTAL N\u00c3O FORMAL<\/strong><\/p>\n<table>\n<tbody>\n<tr>\n<td width=\"273\"><strong>Nome<\/strong><\/td>\n<td width=\"516\"><strong>Trabalho<\/strong><\/td>\n<\/tr>\n<tr>\n<td width=\"273\">Ana Karina Santana Martins<\/td>\n<td width=\"516\"><a href=\"https:\/\/gepease.com.br\/anais2\/wp-content\/uploads\/2021\/02\/CE2_01.pdf\">O CONTRIBUTO DA EDUCA\u00c7\u00c3O AMBIENTAL PARA GEST\u00c3O EM \u00c1REAS DE ASSENTAMENTOS<\/a><\/td>\n<\/tr>\n<tr>\n<td width=\"273\">Bruno Villa\u00e7a Gon\u00e7alves<\/td>\n<td width=\"516\"><a href=\"https:\/\/gepease.com.br\/anais2\/wp-content\/uploads\/2021\/02\/CE2_02.pdf\">AGROECOLOGIA COMO FERRAMENTA PARA EDUCA\u00c7\u00c3O AMBIENTAL: CONTRIBUI\u00c7\u00d5ES CONCEITUAIS E METODOL\u00d3GICAS DO GRUPO EVA \u2013 ESPA\u00c7O DE VIV\u00caNCIA AGROECOL\u00d3GICA \u2013 EM OFICINAS REALIZADAS NA UNIVERSIDADE FEDERAL DE SERGIPE &#8211; UFS<\/a><\/td>\n<\/tr>\n<tr>\n<td width=\"273\">Ediv\u00e2nio\u00a0Santos Andrade<\/td>\n<td width=\"516\"><a href=\"https:\/\/gepease.com.br\/anais2\/wp-content\/uploads\/2021\/02\/CE2_03.pdf\">REFLEX\u00d5ES SOBRE O MEIO AMBIENTE E A \u00c9TICA\u00a0\u00a0<\/a><\/td>\n<\/tr>\n<tr>\n<td width=\"273\">Mayra\u00a0Cristina Lima Oliveira<\/p>\n<p>Sindiany\u00a0Suelen\u00a0C. dos Santos<\/p>\n<p>Michele Moura dos Santos<\/p>\n<p>Rosemeri\u00a0Melo e Souza<\/td>\n<td width=\"516\"><a href=\"https:\/\/gepease.com.br\/anais2\/wp-content\/uploads\/2021\/02\/CE2_04.pdf\">EDUCA\u00c7\u00c3O AMBIENTAL INFORMAL ATRAV\u00c9S DA OFICINA \u201cO MEIO AMBIENTE COME\u00c7A EM N\u00d3S\u201d<\/a><\/td>\n<\/tr>\n<tr>\n<td width=\"273\">Mirian Guedes Nascimento<\/p>\n<p>Valdemir\u00a0Santos Ara\u00fajo<\/p>\n<p>Arthur Maxwell de Menezes Moreira\u00a0 \u00a0 Leandro Freire Matos<\/td>\n<td width=\"516\"><a href=\"https:\/\/gepease.com.br\/anais2\/wp-content\/uploads\/2021\/02\/CE2_05.pdf\">EXTRA\u00c7\u00c3O DA ARGILA NO POVOADO DIAMANTE\/ ITABAIANINHA-SE: A INSER\u00c7\u00c3O DA EDUCA\u00c7\u00c3O AMBIENTAL INFORMAL COMO PROPOSTA DE SUSTENTABILIDADE PARA REGI\u00c3O<\/a><\/td>\n<\/tr>\n<tr>\n<td width=\"273\">Paulo S\u00e9rgio da Cruz Costa<\/p>\n<p>Sergio Cardoso Borges<\/td>\n<td width=\"516\"><a href=\"https:\/\/gepease.com.br\/anais2\/wp-content\/uploads\/2021\/02\/CE2_06.pdf\">EDUCA\u00c7\u00c3O AMBIENTAL ATRAV\u00c9S DA REUTILIZA\u00c7\u00c3O DO \u00d3LEO DE COZINHA NA FABRICA\u00c7\u00c3O DE SAB\u00c3O<\/a><\/td>\n<\/tr>\n<\/tbody>\n<\/table>\n<p style=\"font-weight: 400;\"><strong>EIXO\u00a03: FORMA\u00c7\u00c3O DE PROFESSORES<\/strong><\/p>\n<table width=\"535\">\n<tbody>\n<tr>\n<td width=\"226\"><strong>Nome<\/strong><\/td>\n<td width=\"309\"><strong>Trabalho<\/strong><\/td>\n<\/tr>\n<tr>\n<td width=\"226\">Gecilane\u00a0Ferreira<\/p>\n<p>Aila\u00a0Oliveira Serpa<\/p>\n<p>Arinos Oliveira Serpa<\/p>\n<p>Joanatan\u00a0Fernandes Rocha Reis<\/td>\n<td width=\"309\"><a href=\"https:\/\/gepease.com.br\/anais2\/wp-content\/uploads\/2021\/02\/CE3_01.pdf\">O CENTRO E FORMA\u00c7\u00c3O E ATUALIZA\u00c7\u00c3O DE PROFESSORES DO ESTADO DE MATO GROSSO E OS SABERES TRADICIONAIS NA CONSTRU\u00c7\u00c3O DE PROPOSTA DE EDUCA\u00c7\u00c3O AMBIENTAL FORMAL<\/a><\/td>\n<\/tr>\n<tr>\n<td width=\"226\">Manoel Pedro de Oliveira Junior<\/td>\n<td width=\"309\"><a href=\"https:\/\/gepease.com.br\/anais2\/wp-content\/uploads\/2021\/02\/CE3_02.pdf\">A RELA\u00c7\u00c3O SOCIEDADE X NATUREZA SOB O DOM\u00cdNIO DO CAPITAL<\/a><\/td>\n<\/tr>\n<tr>\n<td width=\"226\">Manoel Pedro de Oliveira J\u00fanior<\/td>\n<td width=\"309\"><a href=\"https:\/\/gepease.com.br\/anais2\/wp-content\/uploads\/2021\/02\/CE3_03.pdf\">A EDUCA\u00c7\u00c3O (AMBIENTAL) COMO PR\u00c1TICA POL\u00cdTICA TRANSFORMADORA<\/a><\/td>\n<\/tr>\n<tr>\n<td width=\"226\">Maria Auxiliadora Peixoto<\/td>\n<td width=\"309\"><a href=\"https:\/\/gepease.com.br\/anais2\/wp-content\/uploads\/2021\/02\/CE3_04.pdf\">PELO SABER PODE-SE MUDAR O RUMO DESSA HIST\u00d3RIA<\/a><\/td>\n<\/tr>\n<tr>\n<td width=\"226\">Maria\u00a0Osania\u00a0Santos Fontes<\/p>\n<p>Marcus Vin\u00edcius Oliveira Almeida<\/td>\n<td width=\"309\"><a href=\"https:\/\/gepease.com.br\/anais2\/wp-content\/uploads\/2021\/02\/CE3_05.pdf\">CONCEP\u00c7\u00c3O AMBIENTAL DE ALUNOS DO ENSINO FUNDAMENTAL SOBRE A MATA ATL\u00c2NTICA EM SANTA LUZIA DO ITANHI, SERGIPE<\/a><\/td>\n<\/tr>\n<\/tbody>\n<\/table>\n<p style=\"font-weight: 400;\"><strong>\u00a0<\/strong><\/p>\n<p style=\"font-weight: 400;\"><strong>\u00a0<\/strong><\/p>\n<p style=\"font-weight: 400;\"><strong>EIXO 4: PESQUISA EM EDUCA\u00c7\u00c3O AMBIENTAL<\/strong><\/p>\n<table>\n<tbody>\n<tr>\n<td width=\"235\"><strong>Nome<\/strong><\/td>\n<td width=\"346\"><strong>Trabalho<\/strong><\/td>\n<\/tr>\n<tr>\n<td width=\"235\">Bruno Ferreira da Silva Santos<\/p>\n<p>Josefa Bet\u00e2nia Vilela Costa<\/td>\n<td width=\"346\"><a href=\"https:\/\/gepease.com.br\/anais2\/wp-content\/uploads\/2021\/02\/CE4_01.pdf\">O PENSAMENTO DA SOCIEDADE ATUAL E O PENSAMENTO EMERGENTE JUNTO A TEM\u00c1TICA AMBIENTAL<\/a><\/td>\n<\/tr>\n<tr>\n<td width=\"235\">Cristiane Alc\u00e2ntara de Jesus Santos<\/p>\n<p>&nbsp;<\/td>\n<td width=\"346\"><a href=\"https:\/\/gepease.com.br\/anais2\/wp-content\/uploads\/2021\/02\/CE4_02.pdf\">EDUCA\u00c7\u00c3O AMBIENTAL E O USO TUR\u00cdSTICO DE UNIDADES DE CONSERVA\u00c7\u00c3O: O CASO DO PARQUE NACIONAL SERRA DE ITABAIANA<\/a><\/td>\n<\/tr>\n<tr>\n<td width=\"235\">Daniele Santana de Melo<\/p>\n<p>Denio\u00a0Santos Azevedo<\/p>\n<p>Renata Maria de Almeida Sampaio<\/p>\n<p>&nbsp;<\/td>\n<td width=\"346\"><a href=\"https:\/\/gepease.com.br\/anais2\/wp-content\/uploads\/2021\/02\/CE4_03.pdf\">UMA\u00a0PERSPECTIVA SUSTENT\u00c1VEL: O CASO DA BARRAGEM DION\u00cdZIO DE ARA\u00daJO MACHADO &#8211; LAGARTO\/SE<\/a><\/td>\n<\/tr>\n<tr>\n<td width=\"235\">Glauber Feitosa Xavier de Barros<\/p>\n<p>Rubens Pessoa de Barros<\/td>\n<td width=\"346\"><a href=\"https:\/\/gepease.com.br\/anais2\/wp-content\/uploads\/2021\/02\/CE4_04.pdf\">ESTUDO ETNOBOT\u00c2NICO DA ERVA-CIDREIRA (<em>Lippia<\/em><em>\u00a0alba\u00a0L.<\/em>) E A EDUCA\u00c7\u00c3O AMBIENTAL RESGATANDO OS VALORES DAS ERVAS MEDICINAIS.<\/a><\/td>\n<\/tr>\n<tr>\n<td width=\"235\">J\u00e9ssica Gon\u00e7alves de Andrade<\/td>\n<td width=\"346\"><a href=\"https:\/\/gepease.com.br\/anais2\/wp-content\/uploads\/2021\/02\/CE4_05.pdf\">EDUCA\u00c7\u00c3O AMBIENTAL E NOVAS TECNOLOGIAS: UMA AN\u00c1LISE DOS OBJETOS VIRTUAIS DE APRENDIZAGEM \u201cMATA CILIAR OU AUXILIAR?\u201d E \u201cPIN PEOPLE\u201d DISTRIBU\u00cdDOS PELA PLATAFORMA RIVED\/MEC.<\/a><\/td>\n<\/tr>\n<tr>\n<td width=\"235\">Luana Pereira da Silva Santos<\/p>\n<p>Maria Nazar\u00e9 dos Santos<\/p>\n<p>&nbsp;<\/td>\n<td width=\"346\"><a href=\"https:\/\/gepease.com.br\/anais2\/wp-content\/uploads\/2021\/02\/CE4_06.pdf\">IMPACTOS SOCIOAMBIENTAIS E A NECES\u00c1RIA CONSCIENTIZA\u00c7\u00c3O AMBIENTAL NO N\u00daCLEO RESIDENCIAL JARDIM UNIVERSIT\u00c1RIO, ROSA ELZE &#8211; S\u00c3O CRIST\u00d3V\u00c3O<\/a><\/td>\n<\/tr>\n<tr>\n<td width=\"235\">Luana Pereira da Silva Santos<\/p>\n<p>Jailde\u00a0Fontes Vasconcelos<\/td>\n<td width=\"346\"><a href=\"https:\/\/gepease.com.br\/anais2\/wp-content\/uploads\/2021\/02\/CE4_07.pdf\">A\u00a0\u00a0NECESSIDADE DA EDUCA\u00c7\u00c3O AMBIENTAL EM \u00c1REAS DE AGRICULTURA MODERNA NO AGRESTE DE ITABAIANA- SERGIPE<\/a><\/td>\n<\/tr>\n<tr>\n<td width=\"235\">Nilson dos Santos Ferreira<\/p>\n<p>L\u00edvia de Rezende Cardoso<\/td>\n<td width=\"346\"><a href=\"https:\/\/gepease.com.br\/anais2\/wp-content\/uploads\/2021\/02\/CE4_08.pdf\">GASES POLUENTES NA ATMOSFERA: RELA\u00c7\u00d5ES ENTRE MEIO AMBIENTE E CTS NA PERSPECTIVA DE LICENCIANDOS EM F\u00cdSICA<\/a><\/td>\n<\/tr>\n<tr>\n<td width=\"235\">Priscilla\u00a0de Andrade Nascimento<\/td>\n<td width=\"346\"><a href=\"https:\/\/gepease.com.br\/anais2\/wp-content\/uploads\/2021\/02\/CE4_09.pdf\">A QUEST\u00c3O DO LIXO URBANO E A INSER\u00c7\u00c3O DA EDUCA\u00c7\u00c3O AMBIENTAL<\/a><\/td>\n<\/tr>\n<tr>\n<td width=\"235\">Renata Maria de Almeida Sampaio<\/p>\n<p>Eline\u00a0Almeida Santos<\/p>\n<p>Orlan\u00a0Francisco O.\u00a0dos\u00a0Santos<\/p>\n<p>Daniele de Brito Felisberto<\/p>\n<p>Elbba\u00a0Luzia de Souza Abreu<\/td>\n<td width=\"346\"><a href=\"https:\/\/gepease.com.br\/anais2\/wp-content\/uploads\/2021\/02\/CE4_10.pdf\">PERCEP\u00c7\u00c3O AMBIENTAL E A\u00c7\u00c3O ANTR\u00d3PICA NA PRAIA DE ARUANA \/ROD. JOS\u00c9 SARNEY \u2013 ARACAJU \/SE.<\/a><\/td>\n<\/tr>\n<\/tbody>\n<\/table>\n","protected":false},"excerpt":{"rendered":"<p>COMUNICA\u00c7\u00d5ES &nbsp; EIXO 1: EDUCA\u00c7\u00c3O AMBIENTAL FORMAL Nome Trabalho Aline\u00a0Honorio\u00a0A. da S. Gomes Ac\u00e1ssia Cristina Souza PRESERVANDO O AMBIENTE DA SALA DE AULA El\u00e2nia\u00a0Lucy Dias Albuquerque Marta Cristina Vieira Farias<\/p>\n","protected":false},"author":1,"featured_media":0,"parent":0,"menu_order":0,"comment_status":"closed","ping_status":"closed","template":"","meta":[],"_links":{"self":[{"href":"https:\/\/gepease.com.br\/anais2\/index.php\/wp-json\/wp\/v2\/pages\/16"}],"collection":[{"href":"https:\/\/gepease.com.br\/anais2\/index.php\/wp-json\/wp\/v2\/pages"}],"about":[{"href":"https:\/\/gepease.com.br\/anais2\/index.php\/wp-json\/wp\/v2\/types\/page"}],"author":[{"embeddable":true,"href":"https:\/\/gepease.com.br\/anais2\/index.php\/wp-json\/wp\/v2\/users\/1"}],"replies":[{"embeddable":true,"href":"https:\/\/gepease.com.br\/anais2\/index.php\/wp-json\/wp\/v2\/comments?post=16"}],"version-history":[{"count":8,"href":"https:\/\/gepease.com.br\/anais2\/index.php\/wp-json\/wp\/v2\/pages\/16\/revisions"}],"predecessor-version":[{"id":273,"href":"https:\/\/gepease.com.br\/anais2\/index.php\/wp-json\/wp\/v2\/pages\/16\/revisions\/273"}],"wp:attachment":[{"href":"https:\/\/gepease.com.br\/anais2\/index.php\/wp-json\/wp\/v2\/media?parent=16"}],"curies":[{"name":"wp","href":"https:\/\/api.w.org\/{rel}","templated":true}]}}