{"id":12,"date":"2021-01-04T18:06:32","date_gmt":"2021-01-04T21:06:32","guid":{"rendered":"https:\/\/gepease.com.br\/anais2\/?page_id=12"},"modified":"2021-02-27T22:46:52","modified_gmt":"2021-02-28T01:46:52","slug":"programacao","status":"publish","type":"page","link":"https:\/\/gepease.com.br\/anais2\/index.php\/programacao\/","title":{"rendered":"Programa\u00e7\u00e3o"},"content":{"rendered":"<p style=\"font-weight: 400;\"><strong>PROGRAMA\u00c7\u00c3O<\/strong><\/p>\n<p style=\"font-weight: 400;\"><strong>\u00a0<\/strong><\/p>\n<p style=\"font-weight: 400;\"><strong><em>13 DE OUTUBRO (TER\u00c7A-FEIRA)<\/em><\/strong><\/p>\n<p style=\"font-weight: 400;\"><strong>\u00a0\u00a0\u00a0\u00a0\u00a0\u00a0\u00a0\u00a0\u00a0\u00a0\u00a0\u00a0\u00a0\u00a0\u00a0\u00a0<\/strong><strong>14h &#8211;\u00a0<\/strong>Credenciamento<\/p>\n<p style=\"font-weight: 400;\"><strong>\u00a0\u00a0\u00a0\u00a0\u00a0\u00a0\u00a0\u00a0\u00a0\u00a0\u00a0\u00a0\u00a0\u00a0\u00a0\u00a0Local:\u00a0<\/strong>Hall da Reitoria<\/p>\n<p style=\"font-weight: 400;\">\u00a0<\/p>\n<p style=\"font-weight: 400;\"><strong>\u00a0\u00a0\u00a0\u00a0\u00a0\u00a0\u00a0\u00a0\u00a0\u00a0\u00a0\u00a0\u00a0\u00a0\u00a0\u00a019h \u00e0s 19h30 &#8211;\u00a0<\/strong>Abertura do evento e<\/p>\n<p style=\"font-weight: 400;\">\u00a0\u00a0\u00a0\u00a0\u00a0\u00a0\u00a0\u00a0\u00a0\u00a0\u00a0\u00a0\u00a0\u00a0\u00a0\u00a0Apresenta\u00e7\u00e3o Cultural<\/p>\n<p style=\"font-weight: 400;\"><strong>\u00a0\u00a0\u00a0\u00a0\u00a0\u00a0\u00a0\u00a0\u00a0\u00a0\u00a0\u00a0\u00a0\u00a0\u00a0\u00a0Local:\u00a0<\/strong>Audit\u00f3rio da Reitoria<\/p>\n<p style=\"font-weight: 400;\">\u00a0<\/p>\n<p style=\"font-weight: 400;\"><strong>\u00a0\u00a0\u00a0\u00a0\u00a0\u00a0\u00a0\u00a0\u00a0\u00a0\u00a0\u00a0\u00a0\u00a0\u00a0\u00a019h30 \u00e0s 21h30 &#8211;\u00a0<\/strong>Confer\u00eancia de Abertura<\/p>\n<p style=\"font-weight: 400;\"><strong>\u00a0\u00a0\u00a0\u00a0\u00a0\u00a0\u00a0\u00a0\u00a0\u00a0\u00a0\u00a0\u00a0\u00a0\u00a0\u00a0Tema:\u00a0<\/strong>Educa\u00e7\u00e3o Cr\u00edtica frente aos desafios do<\/p>\n<p style=\"font-weight: 400;\">\u00a0\u00a0\u00a0\u00a0\u00a0\u00a0\u00a0\u00a0\u00a0\u00a0\u00a0\u00a0\u00a0\u00a0\u00a0\u00a0S\u00e9culo XXI<\/p>\n<p style=\"font-weight: 400;\"><strong>\u00a0\u00a0\u00a0\u00a0\u00a0\u00a0\u00a0\u00a0\u00a0\u00a0\u00a0\u00a0\u00a0\u00a0\u00a0\u00a0Conferencista:\u00a0<\/strong>Prof. Dr. Mauro Guimar\u00e3es\u00a0<em>(UFRRJ)<\/em>;<\/p>\n<p style=\"font-weight: 400;\"><strong>\u00a0\u00a0\u00a0\u00a0\u00a0\u00a0\u00a0\u00a0\u00a0\u00a0\u00a0\u00a0\u00a0\u00a0\u00a0\u00a0Coord.:\u00a0<\/strong>Profa. Dra. Maria\u00a0In\u00eaz\u00a0Oliveira Ara\u00fajo<\/p>\n<p style=\"font-weight: 400;\"><strong>\u00a0\u00a0\u00a0\u00a0\u00a0\u00a0\u00a0\u00a0\u00a0\u00a0\u00a0\u00a0\u00a0\u00a0\u00a0\u00a0Local:\u00a0<\/strong>Audit\u00f3rio da Reitoria<\/p>\n<p style=\"font-weight: 400;\">\u00a0<\/p>\n<p style=\"font-weight: 400;\"><strong><em>14 DE OUTUBRO (QUARTA-FEIRA)<\/em><\/strong><\/p>\n<p style=\"font-weight: 400;\"><strong>\u00a0\u00a0\u00a0\u00a0\u00a0\u00a0\u00a0\u00a0\u00a0\u00a0\u00a0\u00a0\u00a0\u00a0\u00a0\u00a08h \u00e0s 10h &#8211;\u00a0<\/strong>Mostra de Curtas e discuss\u00e3o<\/p>\n<p style=\"font-weight: 400;\"><strong>\u00a0\u00a0\u00a0\u00a0\u00a0\u00a0\u00a0\u00a0\u00a0\u00a0\u00a0\u00a0\u00a0\u00a0\u00a0\u00a0<\/strong><strong>Local:\u00a0<\/strong>Auditorio\u00a0da Reitoria<\/p>\n<p style=\"font-weight: 400;\">\u00a0<\/p>\n<p style=\"font-weight: 400;\"><strong>\u00a0\u00a0\u00a0\u00a0\u00a0\u00a0\u00a0\u00a0\u00a0\u00a0\u00a0\u00a0\u00a0\u00a0\u00a0\u00a010h \u00e0s 12h &#8211;\u00a0<\/strong>Mesa Redonda 1<\/p>\n<p style=\"font-weight: 400;\"><strong>\u00a0\u00a0\u00a0\u00a0\u00a0\u00a0\u00a0\u00a0\u00a0\u00a0\u00a0\u00a0\u00a0\u00a0\u00a0\u00a0Tema:\u00a0<\/strong>Educa\u00e7\u00e3o cr\u00edtica em ambiente formal e n\u00e3o<\/p>\n<p style=\"font-weight: 400;\">\u00a0\u00a0\u00a0\u00a0\u00a0\u00a0\u00a0\u00a0\u00a0\u00a0\u00a0\u00a0\u00a0\u00a0\u00a0\u00a0formal<\/p>\n<p style=\"font-weight: 400;\"><strong>\u00a0\u00a0\u00a0\u00a0\u00a0\u00a0\u00a0\u00a0\u00a0\u00a0\u00a0\u00a0\u00a0\u00a0\u00a0\u00a0Palestrantes:<\/strong><\/p>\n<p style=\"font-weight: 400;\">\u00a0\u00a0\u00a0\u00a0\u00a0\u00a0\u00a0\u00a0\u00a0\u00a0\u00a0\u00a0\u00a0\u00a0\u00a0\u00a0Prof. Dr. Paulo S\u00e9rgio\u00a0Maroti\u00a0<em>(UFS\/ Campus de<\/em><\/p>\n<p style=\"font-weight: 400;\"><em>\u00a0\u00a0\u00a0\u00a0\u00a0\u00a0\u00a0\u00a0\u00a0\u00a0\u00a0\u00a0\u00a0\u00a0\u00a0\u00a0Itabaiana)<\/em>;<\/p>\n<p style=\"font-weight: 400;\">\u00a0\u00a0\u00a0\u00a0\u00a0\u00a0\u00a0\u00a0\u00a0\u00a0\u00a0\u00a0\u00a0\u00a0\u00a0\u00a0Profa.\u00a0MSc. Carla Jeane\u00a0Helfemsteller\u00a0Coelho<\/p>\n<p style=\"font-weight: 400;\"><em>\u00a0\u00a0\u00a0\u00a0\u00a0\u00a0\u00a0\u00a0\u00a0\u00a0\u00a0\u00a0\u00a0\u00a0\u00a0\u00a0(GEPEASE\/UFBA);<\/em><\/p>\n<p style=\"font-weight: 400;\">\u00a0\u00a0\u00a0\u00a0\u00a0\u00a0\u00a0\u00a0\u00a0\u00a0\u00a0\u00a0\u00a0\u00a0\u00a0\u00a0Profa. Dra. Maria Neide Sobral\u00a0<em>(DED\/UFS)<\/em><\/p>\n<p style=\"font-weight: 400;\"><strong>\u00a0\u00a0\u00a0\u00a0\u00a0\u00a0\u00a0\u00a0\u00a0\u00a0\u00a0\u00a0\u00a0\u00a0\u00a0\u00a0Coord.:\u00a0<\/strong>Prof. Dra. Maria Jos\u00e9 N. Soares\u00a0<em>(DED\/UFS)<\/em><\/p>\n<p style=\"font-weight: 400;\"><strong>\u00a0\u00a0\u00a0\u00a0\u00a0\u00a0\u00a0\u00a0\u00a0\u00a0\u00a0\u00a0\u00a0\u00a0\u00a0\u00a0Local:\u00a0<\/strong>Audit\u00f3rio da Reitoria<\/p>\n<p style=\"font-weight: 400;\">\u00a0<\/p>\n<p style=\"font-weight: 400;\"><strong>\u00a0\u00a0\u00a0\u00a0\u00a0\u00a0\u00a0\u00a0\u00a0\u00a0\u00a0\u00a0\u00a0\u00a0\u00a0\u00a014h \u00e0s 18h &#8211;\u00a0<\/strong>Mini-cursos<\/p>\n<p style=\"font-weight: 400;\"><strong>\u00a0\u00a0\u00a0\u00a0\u00a0\u00a0\u00a0\u00a0\u00a0\u00a0\u00a0\u00a0\u00a0\u00a0\u00a0\u00a018h \u00e0s 22h &#8211;\u00a0<\/strong>Mini-cursos<\/p>\n<p style=\"font-weight: 400;\">\u00a0<\/p>\n<p style=\"font-weight: 400;\"><strong><em>15 DE OUTUBRO (QUINTA-FEIRA)<\/em><\/strong><\/p>\n<p style=\"font-weight: 400;\"><strong>\u00a0\u00a0\u00a0\u00a0\u00a0\u00a0\u00a0\u00a0\u00a0\u00a0\u00a0\u00a0\u00a0\u00a0\u00a0\u00a08h \u00e0s 12h &#8211;\u00a0<\/strong>Comunica\u00e7\u00e3o Oral<\/p>\n<p style=\"font-weight: 400;\"><strong>\u00a0\u00a0\u00a0\u00a0\u00a0\u00a0\u00a0\u00a0\u00a0\u00a0\u00a0\u00a0\u00a0\u00a0\u00a0<\/strong><\/p>\n<p style=\"font-weight: 400;\"><strong>\u00a0\u00a0\u00a0\u00a0\u00a0\u00a0\u00a0\u00a0\u00a0\u00a0\u00a0\u00a0\u00a0\u00a0\u00a0\u00a014h \u00e0s 18h &#8211;\u00a0<\/strong>Mini-cursos<\/p>\n<p style=\"font-weight: 400;\"><strong>\u00a0\u00a0\u00a0\u00a0\u00a0\u00a0\u00a0\u00a0\u00a0\u00a0\u00a0\u00a0\u00a0\u00a0\u00a0\u00a018h \u00e0s 22h &#8211;\u00a0<\/strong>Mini-cursos<\/p>\n<p style=\"font-weight: 400;\">\u00a0<\/p>\n<p style=\"font-weight: 400;\"><strong><em>DIA 16 DE OUTUBRO (SEXTA-FEIRA)<\/em><\/strong><\/p>\n<p style=\"font-weight: 400;\"><strong>\u00a0\u00a0\u00a0\u00a0\u00a0\u00a0\u00a0\u00a0\u00a0\u00a0\u00a0\u00a0\u00a0\u00a0\u00a0\u00a0<\/strong><strong>8h \u00e0s 10h &#8211;\u00a0<\/strong>Apresenta\u00e7\u00e3o de P\u00f4steres<\/p>\n<p style=\"font-weight: 400;\"><strong>\u00a0\u00a0\u00a0\u00a0\u00a0\u00a0\u00a0\u00a0\u00a0\u00a0\u00a0\u00a0\u00a0\u00a0\u00a0\u00a0Local:\u00a0<\/strong>Hall da Reitoria<\/p>\n<p style=\"font-weight: 400;\">\u00a0<\/p>\n<p style=\"font-weight: 400;\"><strong>\u00a0\u00a0\u00a0\u00a0\u00a0\u00a0\u00a0\u00a0\u00a0\u00a0\u00a0\u00a0\u00a0\u00a0\u00a0\u00a010h \u00e0s 12h &#8211;\u00a0<\/strong>Mesa Redonda 2<\/p>\n<p style=\"font-weight: 400;\"><strong>\u00a0\u00a0\u00a0\u00a0\u00a0\u00a0\u00a0\u00a0\u00a0\u00a0\u00a0\u00a0\u00a0\u00a0\u00a0\u00a0Tema:\u00a0<\/strong>Programas e Pol\u00edticas da Educa\u00e7\u00e3o<\/p>\n<p style=\"font-weight: 400;\">\u00a0\u00a0\u00a0\u00a0\u00a0\u00a0\u00a0\u00a0\u00a0\u00a0\u00a0\u00a0\u00a0\u00a0\u00a0\u00a0Ambiental<\/p>\n<p style=\"font-weight: 400;\"><strong>\u00a0\u00a0\u00a0\u00a0\u00a0\u00a0\u00a0\u00a0\u00a0\u00a0\u00a0\u00a0\u00a0\u00a0\u00a0\u00a0Palestrante:<\/strong><\/p>\n<p style=\"font-weight: 400;\">\u00a0\u00a0\u00a0\u00a0\u00a0\u00a0\u00a0\u00a0\u00a0\u00a0\u00a0\u00a0\u00a0\u00a0\u00a0\u00a0Prof.\u00a0MSc. M\u00e1rcio Macedo\u00a0<em>(Secret\u00e1rio de Meio<\/em><\/p>\n<p style=\"font-weight: 400;\"><em>\u00a0\u00a0\u00a0\u00a0\u00a0\u00a0\u00a0\u00a0\u00a0\u00a0\u00a0\u00a0\u00a0\u00a0\u00a0\u00a0Ambiente de Sergipe)<\/em><\/p>\n<p style=\"font-weight: 400;\">\u00a0\u00a0\u00a0\u00a0\u00a0\u00a0\u00a0\u00a0\u00a0\u00a0\u00a0\u00a0\u00a0\u00a0\u00a0\u00a0Prof.\u00a0Msc. Carlos Roberto Britto de Arag\u00e3o<\/p>\n<p style=\"font-weight: 400;\"><em>\u00a0\u00a0\u00a0\u00a0\u00a0\u00a0\u00a0\u00a0\u00a0\u00a0\u00a0\u00a0\u00a0\u00a0\u00a0\u00a0(Sociedade SEMEAR)<\/em><\/p>\n<p style=\"font-weight: 400;\"><strong>\u00a0\u00a0\u00a0\u00a0\u00a0\u00a0\u00a0\u00a0\u00a0\u00a0\u00a0\u00a0\u00a0\u00a0\u00a0\u00a0Coord.:\u00a0<\/strong>Profa.\u00a0MSc. Ac\u00e1ssia Cristina Souza\u00a0<em>(DGE\/<\/em><\/p>\n<p style=\"font-weight: 400;\"><em>\u00a0\u00a0\u00a0\u00a0\u00a0\u00a0\u00a0\u00a0\u00a0\u00a0\u00a0\u00a0\u00a0\u00a0\u00a0\u00a0Sala Verde\/GEPEASE-UFS)<\/em><\/p>\n<p style=\"font-weight: 400;\"><strong>\u00a0\u00a0\u00a0\u00a0\u00a0\u00a0\u00a0\u00a0\u00a0\u00a0\u00a0\u00a0\u00a0\u00a0\u00a0\u00a0Local:\u00a0<\/strong>Audit\u00f3rio da Reitoria<\/p>\n<p style=\"font-weight: 400;\">\u00a0<\/p>\n<p style=\"font-weight: 400;\"><strong>\u00a0\u00a0\u00a0\u00a0\u00a0\u00a0\u00a0\u00a0\u00a0\u00a0\u00a0\u00a0\u00a0\u00a0\u00a0\u00a015h \u00e0s 17h &#8211;\u00a0<\/strong>Confer\u00eancia de encerramento<\/p>\n<p style=\"font-weight: 400;\"><strong>\u00a0\u00a0\u00a0\u00a0\u00a0\u00a0\u00a0\u00a0\u00a0\u00a0\u00a0\u00a0\u00a0\u00a0\u00a0\u00a0Tema:\u00a0<\/strong>\u201cPerspectivas e Necessidades da<\/p>\n<p style=\"font-weight: 400;\">\u00a0\u00a0\u00a0\u00a0\u00a0\u00a0\u00a0\u00a0\u00a0\u00a0\u00a0\u00a0\u00a0\u00a0\u00a0\u00a0EA no Brasil diante dos cen\u00e1rios e desafios<\/p>\n<p style=\"font-weight: 400;\">\u00a0\u00a0\u00a0\u00a0\u00a0\u00a0\u00a0\u00a0\u00a0\u00a0\u00a0\u00a0\u00a0\u00a0\u00a0\u00a0socioambientais\u201d<\/p>\n<p style=\"font-weight: 400;\"><strong>\u00a0\u00a0\u00a0\u00a0\u00a0\u00a0\u00a0\u00a0\u00a0\u00a0\u00a0\u00a0\u00a0\u00a0\u00a0\u00a0Conferencista:\u00a0<\/strong>Prof. Dr. Genebaldo Freire<\/p>\n<p style=\"font-weight: 400;\">\u00a0\u00a0\u00a0\u00a0\u00a0\u00a0\u00a0\u00a0\u00a0\u00a0\u00a0\u00a0\u00a0\u00a0\u00a0\u00a0Dias\u00a0<em>(UCB)<\/em><\/p>\n<p style=\"font-weight: 400;\"><strong>\u00a0\u00a0\u00a0\u00a0\u00a0\u00a0\u00a0\u00a0\u00a0\u00a0\u00a0\u00a0\u00a0\u00a0\u00a0\u00a0Coord.:\u00a0<\/strong>Profa. Dra. Laura Jane Gomes\u00a0<em>(DCFUFS)<\/em><\/p>\n<p style=\"font-weight: 400;\"><em>\u00a0\u00a0\u00a0\u00a0\u00a0\u00a0\u00a0\u00a0\u00a0\u00a0\u00a0\u00a0\u00a0\u00a0\u00a0\u00a0<\/em><strong>Local:\u00a0<\/strong>Audit\u00f3rio da Reitoria<\/p>\n<p style=\"font-weight: 400;\">\u00a0<\/p>\n<p style=\"font-weight: 400;\">\u00a0<\/p>\n<p style=\"font-weight: 400;\">\u00a0<\/p>\n<p style=\"font-weight: 400;\"><strong>MINI-CURSOS<\/strong><\/p>\n<p style=\"font-weight: 400;\"><strong>\u00a0<\/strong><\/p>\n<p style=\"font-weight: 400;\"><strong>Mini-Curso 1: Pedagogia da mata &#8211; aprender brincando com a natureza<\/strong><\/p>\n<p style=\"font-weight: 400;\"><strong>Ministrantes:<\/strong>\u00a0Cleverton\u00a0Costa Silva &#8211; Formado em Gest\u00e3o de Turismo pelo IFS (Instituto Federal Superior de Educa\u00e7\u00e3o)<\/p>\n<p style=\"font-weight: 400;\">Thiago Roberto Soares Vieira &#8211; Acad\u00eamico de Engenharia Florestal (UFS)<\/p>\n<p style=\"font-weight: 400;\"><strong>Hor\u00e1rio:\u00a0<\/strong>14h \u00e0s 18h<\/p>\n<p style=\"font-weight: 400;\"><strong>Dura\u00e7\u00e3o:<\/strong>\u00a08 horas<\/p>\n<p style=\"font-weight: 400;\"><strong>Local:\u00a0<\/strong>14\/10- Did 5 \u2013\u00a0sala\u00a015<\/p>\n<p style=\"font-weight: 400;\">\u00a0\u00a0\u00a0\u00a0\u00a0\u00a0\u00a0\u00a0\u00a0\u00a0\u00a0\u00a015\/10- Did 5 \u2013\u00a0sala\u00a0110<\/p>\n<p style=\"font-weight: 400;\"><strong>\u00a0<\/strong><\/p>\n<p style=\"font-weight: 400;\"><strong>Mini-Curso 2:\u00a0<\/strong><strong>Uso de recursos audiovisuais para o desenvolvimento da tem\u00e1tica ambiental em sala de aula<\/strong><strong><br \/>Ministrantes:<\/strong>\u00a0Tainan\u00a0Amorim Santana &#8211; Graduada em Ci\u00eancias Biol\u00f3gicas Licenciatura pela UFS (2008);\u00a0P\u00f3s-gradua\u00e7\u00e3o\u00a0em Educa\u00e7\u00e3o Ambiental: pr\u00e1ticas e teorias e em Gest\u00e3o Ambiental e interdisciplinaridade.<\/p>\n<p style=\"font-weight: 400;\">Jobeane\u00a0Fran\u00e7a de Souza- Graduada em Ci\u00eancias Biol\u00f3gicas &#8211; Licenciatura pela UFS (2008)<\/p>\n<p style=\"font-weight: 400;\"><strong>Hor\u00e1rio:<\/strong>\u00a014h \u00e0s 18h<br \/><strong>Dura\u00e7\u00e3o<\/strong><strong>:<\/strong>\u00a08 horas\u00a0<\/p>\n<p style=\"font-weight: 400;\"><strong>Local:<\/strong>\u00a014\/10- Did 5 \u2013\u00a0sala\u00a011<\/p>\n<p style=\"font-weight: 400;\">\u00a0\u00a0\u00a0\u00a0\u00a0\u00a0\u00a0\u00a0\u00a0\u00a0\u00a0\u00a015\/10- Did 5 \u2013\u00a0sala\u00a0105<\/p>\n<p style=\"font-weight: 400;\"><strong>\u00a0<\/strong><\/p>\n<p style=\"font-weight: 400;\"><strong>Mini-Curso 3<\/strong>:\u00a0<strong>As tecnologias na educa\u00e7\u00e3o ambiental: Repensando modelos<\/strong><strong><br \/>Ministrantes:\u00a0\u00a0<\/strong>Msc. Maria Ivone Santana Melo\u00a0Paim\u00a0&#8211; Universidade\u00a0Aut\u00f3nima\u00a0de Assun\u00e7\u00e3o &#8211;\u00a0UAA ,\u00a0Prof. Daniele Santana de Melo \u2013 Pedagoga (Faculdade Pio D\u00e9cimo)<br \/><strong>Hor\u00e1rio:<\/strong>\u00a014h \u00e0s 18h<br \/><strong>Dura\u00e7\u00e3o<\/strong>: 8 horas\u00a0<\/p>\n<p style=\"font-weight: 400;\"><strong>Local:<\/strong>\u00a014\/10- Audit\u00f3rio do CECH<\/p>\n<p style=\"font-weight: 400;\">\u00a0\u00a0\u00a0\u00a0\u00a0\u00a0\u00a0\u00a0\u00a0\u00a0\u00a0\u00a015\/10- Audit\u00f3rio do DED<\/p>\n<p style=\"font-weight: 400;\">\u00a0<\/p>\n<p style=\"font-weight: 400;\"><strong>Mini-Curso 4<\/strong>:\u00a0<strong>Educa\u00e7\u00e3o Ambiental\u00a0nas est\u00f3rias infantis<\/strong><br \/><strong>Ministrante(s):<\/strong>\u00a0Lindamar\u00a0Oliveira da Silva<br \/><strong>Hor\u00e1rio:\u00a0<\/strong>14h \u00e0s 18h<br \/><strong>Dura\u00e7\u00e3o<\/strong>: 8 horas\u00a0<\/p>\n<p style=\"font-weight: 400;\"><strong>Local:\u00a0<\/strong>14\/10- Did 5 \u2013\u00a0sala\u00a012<\/p>\n<p style=\"font-weight: 400;\">\u00a0\u00a0\u00a0\u00a0\u00a0\u00a0\u00a0\u00a0\u00a0\u00a0\u00a0\u00a015\/10- Did 5 \u2013\u00a0sala\u00a012<\/p>\n<p style=\"font-weight: 400;\"><strong>\u00a0<\/strong><\/p>\n<p style=\"font-weight: 400;\"><strong>Mini-Curso 5<\/strong>:\u00a0<strong>Educa\u00e7\u00e3o Ambiental no Ensino de Ci\u00eancias<\/strong><\/p>\n<p style=\"font-weight: 400;\"><strong>Ministrantes:\u00a0<\/strong>Profa.\u00a0MSc. D\u00e9bora Evangelista Reis Oliveira<br \/>Profa. Esp. Viviane Almeida Rezende<br \/><strong>Hor\u00e1rio:\u00a0<\/strong>14h \u00e0s 18h<br \/><strong>Dura\u00e7\u00e3o<\/strong>: 8 horas\u00a0<\/p>\n<p style=\"font-weight: 400;\"><strong>Local:<\/strong>\u00a014\/10- Did 5 \u2013\u00a0sala\u00a013<\/p>\n<p style=\"font-weight: 400;\">\u00a0\u00a0\u00a0\u00a0\u00a0\u00a0\u00a0\u00a0\u00a0\u00a0\u00a0\u00a015\/10- Did 5 \u2013\u00a0sala\u00a0108<\/p>\n<p style=\"font-weight: 400;\"><strong>\u00a0<\/strong><\/p>\n<p style=\"font-weight: 400;\"><strong>Mini-Curso 6<\/strong><strong>:\u00a0Direito Ambiental do Trabalho: um direito constitucional dos trabalhadores<\/strong><\/p>\n<p style=\"font-weight: 400;\"><strong>Ministrante(s):<\/strong>\u00a0Dayse Coelho de Almeida \u2013\u00a0MSc. Direito do Trabalho pela Pontif\u00edcia Universidade Cat\u00f3lica de Minas Gerais &#8211; PUC\/MG;\u00a0P\u00f3s-gradua\u00e7\u00e3o\u00a0em Direito P\u00fablico pela PUC\/MG;\u00a0P\u00f3s-gradua\u00e7\u00e3o\u00a0em Direito e Processo do Trabalho pela Universidade C\u00e2ndido Mendes &#8211; UCAM\/RJ; Docente Adjunto I da Faculdade de Sergipe \u2013 FASE.<br \/><strong>Hor\u00e1rio:<\/strong>\u00a014h \u00e0s 18h<\/p>\n<p style=\"font-weight: 400;\"><strong>Dura\u00e7\u00e3o:<\/strong>\u00a08 horas\u00a0<\/p>\n<p style=\"font-weight: 400;\"><strong>Local:<\/strong>\u00a014\/10-\u00a0Did\u00a05 \u2013 sala 18<\/p>\n<p style=\"font-weight: 400;\">\u00a0\u00a0\u00a0\u00a0\u00a0\u00a0\u00a0\u00a0\u00a0\u00a0\u00a0\u00a015\/10-\u00a0Did\u00a05 \u2013 sala 18<\/p>\n<p style=\"font-weight: 400;\"><strong>\u00a0<\/strong><\/p>\n<p style=\"font-weight: 400;\"><strong>Mini-Curso 7<\/strong>:\u00a0<strong>Manguezais do Rio Sergipe \u2013 Riqueza \u00e0 \u201cmerc\u00ea\u201d do progresso<\/strong><strong><br \/>Ministrante(s):<\/strong>\u00a0Carolina Oliveira do Vale &#8211; Graduada em Ci\u00eancias Biol\u00f3gicas &#8211; Licenciatura pela Universidade Tiradentes (2008), P\u00f3s-Graduanda em Ensino de Biologia pela Universidade Federal de Sergipe (2008-2009).<br \/><strong>Hor\u00e1rio:\u00a0<\/strong>18h \u00e0s 22h<br \/><strong>Dura\u00e7\u00e3o<\/strong>: 8 horas\u00a0<\/p>\n<p style=\"font-weight: 400;\"><strong>Local:\u00a0<\/strong>14\/10-\u00a0Did\u00a01 \u2013 sala 110<\/p>\n<p style=\"font-weight: 400;\">\u00a0\u00a0\u00a0\u00a0\u00a0\u00a0\u00a0\u00a0\u00a0\u00a0\u00a0\u00a015\/10-\u00a0Did\u00a03 \u2013 sala 102<\/p>\n<p style=\"font-weight: 400;\"><strong>\u00a0<\/strong><\/p>\n<p style=\"font-weight: 400;\"><strong>Mini-Curso 8<\/strong>:\u00a0<strong>Metodologias Participativas para Planejamento de Projeto Pedag\u00f3gico\u00a0 e\u00a0 Educa\u00e7\u00e3o Ambiental<\/strong><strong><br \/>Ministrante(s):<\/strong>\u00a0Maria Ivanilde Meneses de Oliveira \u2013 Pedagoga;\u00a0P\u00f3s graduada\u00a0em Educa\u00e7\u00e3o Ambiental na Forma\u00e7\u00e3o de Professores<br \/><strong>Hor\u00e1rio:\u00a0<\/strong>18h \u00e0s 22h<br \/><strong>Dura\u00e7\u00e3o<\/strong>: 8 horas\u00a0<\/p>\n<p style=\"font-weight: 400;\"><strong>Local:\u00a0<\/strong>14\/10- Did 5 \u2013\u00a0sala\u00a0111<\/p>\n<p style=\"font-weight: 400;\">\u00a0\u00a0\u00a0\u00a0\u00a0\u00a0\u00a0\u00a0\u00a0\u00a0\u00a0\u00a015\/10- Did 5 \u2013\u00a0sala\u00a017<\/p>\n<p style=\"font-weight: 400;\"><strong>\u00a0<\/strong><\/p>\n<p style=\"font-weight: 400;\"><strong>Mini-Curso 9<\/strong>:\u00a0<strong>Educa\u00e7\u00e3o Ambiental: princ\u00edpios, hist\u00f3ria e propostas<\/strong><strong><br \/>Ministrante(s):<\/strong>\u00a0Glauber Barros Alves Costa Referencias &#8211; Gradua\u00e7\u00e3o em Licenciatura Plena em Geografia pela Universidade Estadual do Sudoeste da Bahia (UESB-2004);\u00a0P\u00f3s-graduado\u00a0em Ecoturismo: Planejamento de atividades e de educa\u00e7\u00e3o ambiental em \u00e1reas naturais pela Universidade Federal de Lavras (UFLA &#8211; 2007); Mestrando em Educa\u00e7\u00e3o pela Universidade Federal de Sergipe<br \/><strong>Hor\u00e1rio:\u00a0<\/strong>18h \u00e0s 22h<br \/><strong>Dura\u00e7\u00e3o<\/strong>: 8 horas\u00a0<\/p>\n<p style=\"font-weight: 400;\"><strong>Local:\u00a0<\/strong>14\/10 &#8211; Audit\u00f3rio do CECH<\/p>\n<p style=\"font-weight: 400;\">\u00a0\u00a0\u00a0\u00a0\u00a0\u00a0\u00a0\u00a0\u00a0\u00a0\u00a0\u00a015\/10- Audit\u00f3rio do DED<\/p>\n<p style=\"font-weight: 400;\"><strong>\u00a0<\/strong><\/p>\n<p style=\"font-weight: 400;\"><strong>Mini-Curso 10: A\u00e7\u00f5es de Educa\u00e7\u00e3o Ambiental e Participa\u00e7\u00e3o Social na Escola: A Agenda 21 Escolar como processo de transforma\u00e7\u00e3o socioambiental<\/strong><strong><br \/>Ministrante(s):<\/strong>\u00a0Jos\u00e9\u00a0Waldson\u00a0Costa de Andrade &#8211; Licenciado em Geografia; Especialista em Gest\u00e3o de Cidades e Planejamento Urbano; Membro do Coletivo Jovem do Estado de Sergipe e da REJUMA; Diretor de Meio Ambiente da ONG\/OSCIP Sociedade Semear;<br \/><strong>Hor\u00e1rio:\u00a0<\/strong>18h \u00e0s 22h<br \/><strong>Dura\u00e7\u00e3o:<\/strong>\u00a08 horas\u00a0<\/p>\n<p style=\"font-weight: 400;\"><strong>Local:\u00a0<\/strong>14\/10 &#8211; Audit\u00f3rio do DGEO<\/p>\n<p style=\"font-weight: 400;\">\u00a0\u00a0\u00a0\u00a0\u00a0\u00a0\u00a0\u00a0\u00a0\u00a0\u00a0\u00a015\/10- Audit\u00f3rio do DGEO<\/p>\n<p style=\"font-weight: 400;\"><strong>\u00a0<\/strong><\/p>\n<p style=\"font-weight: 400;\"><strong>Mini-Curso 11: No\u00e7\u00f5es de Gest\u00e3o de Bacias\u00a0Hidrogr\u00e1ficas<\/strong><br \/><strong>Ministrantes:<\/strong>\u00a0K\u00e1tia de Ara\u00fajo Carmo \u2013\u00a0P\u00f3s-graduanda\u00a0em Gest\u00e3o de Recursos H\u00eddricos (UFS);\u00a0P\u00f3s-graduanda\u00a0em Metodologia de Ensino (UFS); Licenciada em Ci\u00eancias Biol\u00f3gicas (UFS).<br \/>Lanielle\u00a0Amarante Santana &#8211;\u00a0P\u00f3s-graduanda\u00a0em Gest\u00e3o de Recursos H\u00eddricos (UFS) e Licenciada em Geografia (UNIT) \u00a0<br \/><strong>Hor\u00e1rio:\u00a0<\/strong>18h \u00e0s 22h<br \/><strong>Dura\u00e7\u00e3o:<\/strong>\u00a08 horas\u00a0<\/p>\n<p style=\"font-weight: 400;\"><strong>Local:\u00a0<\/strong>14\/10 \u2013 Did 5 &#8211;\u00a0sala\u00a0112<\/p>\n<p style=\"font-weight: 400;\">\u00a0\u00a0\u00a0\u00a0\u00a0\u00a0\u00a0\u00a0\u00a0\u00a0\u00a0\u00a015\/10 &#8211;\u00a0Did\u00a05 \u2013 sala 110<\/p>\n<p style=\"font-weight: 400;\"><strong>\u00a0<\/strong><\/p>\n<p style=\"font-weight: 400;\"><strong>Mini-Curso 12: Pegada Ecol\u00f3gica<\/strong><br \/><strong>Ministrante(s):\u00a0<\/strong>\u00a0MSc. Carlos Anselmo Dias Santos<br \/><strong>Hor\u00e1rio:\u00a0<\/strong>18h \u00e0s 22h<br \/><strong>Dura\u00e7\u00e3o:<\/strong>\u00a08 horas\u00a0<\/p>\n<p style=\"font-weight: 400;\"><strong>Local:<\/strong>\u00a014\/10 \u2013 Did 5 &#8211;\u00a0sala\u00a0102<\/p>\n<p style=\"font-weight: 400;\">\u00a0\u00a0\u00a0\u00a0\u00a0\u00a0\u00a0\u00a0\u00a0\u00a0\u00a0\u00a015\/10 &#8211; Did 5 \u2013\u00a0sala\u00a0102<\/p>\n<p style=\"font-weight: 400;\">\u00a0<\/p>\n<p style=\"font-weight: 400;\"><strong>Mini-Curso 13: Pesquisa Etnogr\u00e1fica em Comunidades Tradicionais e a Utiliza\u00e7\u00e3o dos Saberes Tradicionais em Educa\u00e7\u00e3o Ambiental Formal<\/strong><br \/><strong>Ministrantes:\u00a0\u00a0<\/strong>Gecilane\u00a0Ferreira \u2013 CEFAPRO\/SEDUC\/MT,\u00a0Aila\u00a0oliveira Serpa \u2013 USP, Arinos Oliveira Serpa \u2013 UNEMAT,\u00a0Joanatan\u00a0Fernades\u00a0Rocha Reis \u2013 EEJK\/SEDUC\/MT<strong><br \/>Hor\u00e1rio:\u00a0<\/strong>14h \u00e0s 18h<br \/><strong>Dura\u00e7\u00e3o:<\/strong>\u00a08 horas\u00a0<\/p>\n<p style=\"font-weight: 400;\"><strong>Local:\u00a0<\/strong>14\/10 \u2013 Audit\u00f3rio do DGEO<\/p>\n<p style=\"font-weight: 400;\">\u00a0\u00a0\u00a0\u00a0\u00a0\u00a0\u00a0\u00a0\u00a0\u00a0\u00a0\u00a015\/10- Audit\u00f3rio do DGEO<\/p>\n<p style=\"font-weight: 400;\">\u00a0<\/p>\n<p style=\"font-weight: 400;\"><strong>Minicurso<\/strong><strong>\u00a014: A quest\u00e3o ambiental nas m\u00fasicas de Luiz Gonzaga<\/strong><br \/><strong>Ministrante:<\/strong>\u00a0Jos\u00e9 Augusto\u00a0(\u00a0Prof\u00b0 Zezinho de matem\u00e1tica do CODAP)<br \/><strong>Hor\u00e1rio:<\/strong>\u00a018h \u00e0s 22h<br \/><strong>Dura\u00e7\u00e3o:<\/strong>\u00a08 horas<\/p>\n<p style=\"font-weight: 400;\"><strong>Local:\u00a0<\/strong>14\/10 \u2013 DBI- Bloco A \u2013 sala 6<\/p>\n<p style=\"font-weight: 400;\">\u00a0\u00a0\u00a0\u00a0\u00a0\u00a0\u00a0\u00a0\u00a0\u00a0\u00a0\u00a015\/10 &#8211; DBI- Bloco A \u2013 sala 6<\/p>\n","protected":false},"excerpt":{"rendered":"<p>PROGRAMA\u00c7\u00c3O \u00a0 13 DE OUTUBRO (TER\u00c7A-FEIRA) \u00a0\u00a0\u00a0\u00a0\u00a0\u00a0\u00a0\u00a0\u00a0\u00a0\u00a0\u00a0\u00a0\u00a0\u00a0\u00a014h &#8211;\u00a0Credenciamento \u00a0\u00a0\u00a0\u00a0\u00a0\u00a0\u00a0\u00a0\u00a0\u00a0\u00a0\u00a0\u00a0\u00a0\u00a0\u00a0Local:\u00a0Hall da Reitoria \u00a0 \u00a0\u00a0\u00a0\u00a0\u00a0\u00a0\u00a0\u00a0\u00a0\u00a0\u00a0\u00a0\u00a0\u00a0\u00a0\u00a019h \u00e0s 19h30 &#8211;\u00a0Abertura do evento e \u00a0\u00a0\u00a0\u00a0\u00a0\u00a0\u00a0\u00a0\u00a0\u00a0\u00a0\u00a0\u00a0\u00a0\u00a0\u00a0Apresenta\u00e7\u00e3o Cultural \u00a0\u00a0\u00a0\u00a0\u00a0\u00a0\u00a0\u00a0\u00a0\u00a0\u00a0\u00a0\u00a0\u00a0\u00a0\u00a0Local:\u00a0Audit\u00f3rio da Reitoria \u00a0 \u00a0\u00a0\u00a0\u00a0\u00a0\u00a0\u00a0\u00a0\u00a0\u00a0\u00a0\u00a0\u00a0\u00a0\u00a0\u00a019h30 \u00e0s 21h30 &#8211;\u00a0Confer\u00eancia de<\/p>\n","protected":false},"author":1,"featured_media":0,"parent":0,"menu_order":0,"comment_status":"closed","ping_status":"closed","template":"","meta":[],"_links":{"self":[{"href":"https:\/\/gepease.com.br\/anais2\/index.php\/wp-json\/wp\/v2\/pages\/12"}],"collection":[{"href":"https:\/\/gepease.com.br\/anais2\/index.php\/wp-json\/wp\/v2\/pages"}],"about":[{"href":"https:\/\/gepease.com.br\/anais2\/index.php\/wp-json\/wp\/v2\/types\/page"}],"author":[{"embeddable":true,"href":"https:\/\/gepease.com.br\/anais2\/index.php\/wp-json\/wp\/v2\/users\/1"}],"replies":[{"embeddable":true,"href":"https:\/\/gepease.com.br\/anais2\/index.php\/wp-json\/wp\/v2\/comments?post=12"}],"version-history":[{"count":4,"href":"https:\/\/gepease.com.br\/anais2\/index.php\/wp-json\/wp\/v2\/pages\/12\/revisions"}],"predecessor-version":[{"id":211,"href":"https:\/\/gepease.com.br\/anais2\/index.php\/wp-json\/wp\/v2\/pages\/12\/revisions\/211"}],"wp:attachment":[{"href":"https:\/\/gepease.com.br\/anais2\/index.php\/wp-json\/wp\/v2\/media?parent=12"}],"curies":[{"name":"wp","href":"https:\/\/api.w.org\/{rel}","templated":true}]}}